(t/12 - 2)*-4.
3
Let d be ((-20)/(0 - 2))/(6 + -4). Suppose -2*c = 5*j - 821, -d*j + 138 = 3*c - 681. What are the prime factors of j?
3, 5, 11
Suppose -2*h + 10*k + 463 = 5*k, 0 = 4*h - 3*k - 933. List the prime factors of h.
2, 3, 13
Let z(m) = -3*m + 69. Let d be z(22). Suppose 5*q + 2*h - 914 = 0, -5*q + 0*q + 904 = -d*h. List the prime factors of q.
2, 7, 13
Suppose -5*m = 2*v - 1278 - 342, 1590 = 5*m - 4*v. List the prime factors of m.
2, 7, 23
Suppose 10*q + 2067 = 13*q. What are the prime factors of q?
13, 53
Let j(f) = -f**2 - 20*f - 21. What are the prime factors of j(-13)?
2, 5, 7
Let r = -82 + 64. What are the prime factors of 4 - 534/r - 2/(-6)?
2, 17
Let g = 92 + 201. List the prime factors of g.
293
Let z(r) = -r**2 + 8*r + 12. Let k be (-1 + (-60)/(-8))*2. Let j = -4 + k. List the prime factors of z(j).
3
Suppose 3*y + 3*p - 81 = 0, -4*y - p = 21 - 135. List the prime factors of y.
29
Suppose 5*o = w - 88 - 158, -3*w = 3*o + 162. Let v = o - -131. What are the prime factors of v?
3
Suppose 4*g - 38 = 54. Let d be 1/3 - (-51)/9. Suppose 2*r - 3*h - g = -d, 0 = -2*r + 5*h + 23. List the prime factors of r.
2
Let z = 18 + -23. Let q be (3/z)/((-7)/70). Suppose -3*x = q*v - 3*v - 183, 3*x + 153 = 3*v. What are the prime factors of v?
2, 7
Let n = 316 - 216. Suppose v = -5*b + n, 0 = 5*b + 2*v - 104 + 4. What are the prime factors of b?
2, 5
Let r be (1 + 2)*-1 + 65. Suppose 5*k + 8 = -3*z - 138, -k + r = -z. Let j = z - -95. List the prime factors of j.
2, 19
Suppose 4*j - 2*b = b + 11, -2*j + 7 = -3*b. Suppose 2*m = 2*f + 114, 4*m - 220 = j*f - 0*f. What are the prime factors of m?
53
Let k(j) = 28*j - 1. Let l be k(1). Let h = 105 + l. List the prime factors of (h/8)/((-3)/(-4)).
2, 11
Let s(b) be the third derivative of -b**5/60 + b**4/2 - 8*b**3/3 - 2*b**2. Let k be s(10). Suppose k*u = 109 + 47. What are the prime factors of u?
3, 13
Let q(a) = -4*a + 9 + a**2 - 2*a + 5*a. Let s be q(9). Suppose -4*f = -f - s. What are the prime factors of f?
3
Let w = 83 - 81. Let j = -3 + 5. Suppose -q = -4*z + 3*z + j, -4*q + 28 = w*z. List the prime factors of z.
2, 3
Let y = -436 - -623. List the prime factors of y.
11, 17
Let w be (2/(-4))/((-10)/(-40)). List the prime factors of (w - 0) + (-378)/(-6).
61
Let c(l) be the first derivative of 2*l**2 - 5*l - 3. Suppose -16 = o - 25. What are the prime factors of c(o)?
31
Suppose -2*o + 450 = 4*o. Suppose -17*m - o = -20*m. Suppose m = 12*s - 7*s. List the prime factors of s.
5
Let z(g) = g**3 + 9*g**2 + 6*g - 10. Let y be z(-8). Let j = 8 - y. Suppose -115 = j*i - 7*i. What are the prime factors of i?
23
Let v(k) = -k - 11. Let j be v(-15). Let l be (j/(-6))/((-4)/90). Suppose 3*d = 2*z + 2*d - 73, -3*d = l. What are the prime factors of z?
2, 17
Suppose 0 = 6*r + 21 - 39. List the prime factors of 14*(4 + r/6 - 3).
3, 7
Suppose 12725 = -14*h + 61067. What are the prime factors of h?
3, 1151
Let r(y) = -y**3 + 6*y**2 + y. Let x be r(6). Let a = x - 1. Suppose 4 = w, -2*w = -4*k - a*w + 72. List the prime factors of k.
3, 5
List the prime factors of (0 - -4040) + (-47)/(-47).
3, 449
List the prime factors of 1/(-7) + 0 - 159988/(-658).
3
Let h = -18 + 20. Let a(w) = 2 + 1 - w + w**h + 3 - 1. What are the prime factors of a(-4)?
5
Let z(x) = -2*x**3 - 5*x**2 + 12*x + 5. Let n(h) = -h**3 - 3*h**2 + 6*h + 3. Let y(i) = 7*n(i) - 4*z(i). List the prime factors of y(4).
5
Suppose -4*v - v = -20, 46 = t - v. Suppose t = m + 5. What are the prime factors of m?
3, 5
Suppose -13864 = 23*j - 43166. List the prime factors of j.
2, 7, 13
Let v = -78 - -81. List the prime factors of (-478)/((-21)/12 + v/(-12)).
239
Suppose l - 5 = -0*l. Suppose l*z = 5090 + 1405. What are the prime factors of (-2)/(-15) + z/45?
29
Let b(a) = -a**3 - 78*a**2 - 96*a - 172. What are the prime factors of b(-77)?
1291
Let u = 1026 - -238. What are the prime factors of u?
2, 79
Suppose -2*r + 4*d = -3958, 35*d - 30*d + 9920 = 5*r. What are the prime factors of r?
3, 13, 17
Let y = -223 - -150. Let k = 316 - 364. Let p = k - y. List the prime factors of p.
5
Let n(j) = 100*j**2 + 11*j + 20. What are the prime factors of n(-3)?
887
Let j(p) = -p**3 + 17*p**2 + 16*p + 23. What are the prime factors of j(6)?
5, 103
Let f(v) = 28*v. Let m be f(1). Let z = m + -30. Let w(d) = 12*d**2 + 7*d + 4. List the prime factors of w(z).
2, 19
Suppose 0 = -3*x + 15, -5*v - 42 = -x + 83. Let q be (2/(-8))/(6/v). Let b(k) = 22*k**2 + 2*k - 1. List the prime factors of b(q).
23
Let z(a) = 6*a + 1. Let h(p) = -p**3 + 4*p**2 - 3. Let y(f) = -f**3 + 5*f**2 - 3. Let u(n) = -6*h(n) + 5*y(n). Let j be u(0). List the prime factors of z(j).
19
Suppose -95*j + 10920 = -75*j. List the prime factors of j.
2, 3, 7, 13
Let z(r) = r**2 - 7*r. Let y be z(8). Let a(t) = -t + 10. Let w be a(y). Suppose -19 = -x - 4*j + w*j, -5*j = x - 13. List the prime factors of x.
23
Let q be 140/(-6) - (-18)/(-27). Suppose -2*h + 4*l = -158, 296 = -4*h + 8*h - 3*l. Let o = q + h. What are the prime factors of o?
47
Suppose -5*n + 8 = -3*n. Let k(w) = -21*w - 83. Let j be k(-4). What are the prime factors of j/(n/48) - 4?
2
Let j be 6/10 + (-12)/(-5). Let v = 232 - 231. Let p = j + v. What are the prime factors of p?
2
Let w(n) = 2*n**2 - 13*n - 1. Let g(k) = -5*k**2 + 27*k + 1. Let u(s) = -3*g(s) - 7*w(s). Let x be 20/(-25) + (-92)/10. List the prime factors of u(x).
2
Let u = 66 + 353. List the prime factors of u.
419
Let m(v) = -v**3 + 17*v**2 + 23*v + 8. List the prime factors of m(18).
2, 7
Suppose 0 = 3*w + 6, -r = 4*w - 1412 - 806. What are the prime factors of r?
2, 3, 7, 53
Let a = -88 + 143. Suppose h + a = t, -t - 3*h - h = -75. List the prime factors of t.
59
Let k(h) = 3*h**2 + 2*h. Let i be k(-2). Suppose 10*y = i*y + 22. What are the prime factors of y?
11
Let l be (1 - -6)*(5 + 16/(-4)). Suppose 4*f + 2*s = 768, -3*f + l*s + 589 = 2*s. What are the prime factors of f?
193
Let l = 97 - -217. Let o = -206 + l. What are the prime factors of o?
2, 3
Let x(s) = -3*s - 12. Let m be x(-5). Let d be (3*(-5)/m)/(-1). Suppose 8*o - 96 = d*o. What are the prime factors of o?
2
Suppose 0*b = 4*b + 12. Let c = -1 - b. Suppose 0 = y + 3*k - 12 + c, 0 = -4*y + 5*k + 23. What are the prime factors of y?
7
Let t = 1326 - 770. List the prime factors of t.
2, 139
Let o(w) = w**3 - 12*w**2 + 10*w + 11. Let y be 36/(-27) - (-74)/6. Let m be o(y). List the prime factors of (96/(-4) + m)*-1.
2, 3
Suppose 0*v + 113 = 3*h + 5*v, -5*v = -2*h + 42. Suppose -o - 2*s = -29, h + 56 = 3*o + 5*s. What are the prime factors of o?
29
Let r(a) = -11*a + 2. Let i(v) = v**3 + 11*v**2 - 2*v - 15. Let c be i(-11). Let s be r(c). Let j = -36 - s. List the prime factors of j.
3, 13
Let s(m) = 80*m - 3. Let d be s(2). Let r = -88 + d. What are the prime factors of r?
3, 23
Suppose u - 16 = -u. Let f be -11*(-8 + u/(-4)). Let k = f - 77. What are the prime factors of k?
3, 11
Let g(o) = 30*o**2 - 10*o + 12. List the prime factors of g(-5).
2, 7, 29
Let i(o) be the third derivative of 7*o**6/360 - o**4/24 + o**3/6 - 4*o**2. Let v(p) be the first derivative of i(p). What are the prime factors of v(1)?
2, 3
Let p = -1 + 5. Suppose 2*m + q - 8 = 35, 0 = p*m + 3*q - 89. List the prime factors of m.
2, 5
Let r be ((-12)/8 + 1)*-106. Suppose 5*s + r = 5*t + 8, 25 = -5*s. Suppose h = 5*b - 3*b + 34, -128 = -4*h + t*b. What are the prime factors of h?
2, 3, 5
Suppose -2*d - 2 = 0, -v + 5*d + 64 = 2*d. Suppose z = -3*y + v, -2*z + y + 16 + 85 = 0. What are the prime factors of z?
2, 13
Let o = 11 + -4. Let b = -160 - -161. Let a = o + b. List the prime factors of a.
2
Suppose 11221 = 9*z - 6293. What are the prime factors of z?
2, 7, 139
Suppose 2*j - 7*a + 2*a - 2521 = 0, a - 3739 = -3*j. What are the prime factors of j?
2, 3, 13
Suppose -15*t + 1470 = -9300. List the prime factors of t.
2, 359
Let k = 10 - 1. Let o be (-58)/(-12) - (-1)/6. Suppose k*u = o*u + 180. What are the prime factors of u?
3, 5
Let x = -307 - -507. List the prime factors of x.
2, 5
Let l be (-25)/10 - -3 - 3/(-2). Let k(p) = -14*p - 3. Let x be k(-4). Suppose -x - 55 = -5*f + l*b, 76 = 3*f - 4*b. What are the prime factors of f?
2, 5
List the prime factors of (-1)/2*3*(-5 - 105).
3, 5, 11
Let r be (-8)/(-60)*-3*5. List the prime facto